when k is divided by x?
8
Let z(s) be the third derivative of s**6/120 + s**5/10 + s**4/24 + s**3/6 - s**2. What is the remainder when 86 is divided by z(-4)?
28
Let r(a) = 3*a - 2. Let x(t) = -t**2 - 5*t + 7. Calculate the remainder when r(1) is divided by x(-6).
0
Let x(u) = -u**2 + 12*u - 10. Suppose -5*o + 57 = b - 29, 5*b - 334 = -o. What is the remainder when b is divided by x(9)?
15
Suppose 0 = 3*x - 10 - 38. Let w = 28 - x. What is the remainder when w is divided by 7?
5
Suppose 5 = -r + 62. Let f = 38 + -8. What is the remainder when r is divided by f?
27
Let f = -257 + 532. Suppose 0 = -d + 3*d + 4*j - 106, -5*d - 5*j + f = 0. Calculate the remainder when d is divided by 15.
12
Suppose -5*r + 0 = -3*f - 5, 4*f - 8 = 3*r. Let u(l) = -9*l + 1. What is the remainder when r*(17 + (2 - 5)) is divided by u(-2)?
18
Calculate the remainder when 72 is divided by (-10)/25 + (-374)/(-10).
35
Let k = 475 - 338. Let i = k + -42. Suppose 3*s - i = -2*s. Calculate the remainder when 55 is divided by s.
17
Suppose -3*g - 11 = -5*j, -2*j - 3*g - 2 = 2*j. Let r be 1*-3*(j - 0). Let p = r + 4. Calculate the remainder when 1 is divided by p.
0
Let p(t) = 40*t**2 + t + 1. Let i be p(-1). Suppose o = i + 23. Calculate the remainder when o is divided by 16.
15
What is the remainder when 61 is divided by 2/(-6) + 6 + 21/9?
5
Let h(u) = -2*u + 18. Let m(s) = -s + 9. Let p(v) = -4*h(v) + 7*m(v). Calculate the remainder when p(14) is divided by 3.
2
Let w = 30 - 15. Suppose 5*x + 2*h = -2*h + 26, -2*x + 2*h = 4. Let c = w - x. Calculate the remainder when 49 is divided by c.
10
Suppose 117 = 3*h + 18. What is the remainder when h is divided by 9?
6
Suppose 10 + 32 = 3*u. Let c(l) = -l**2 + 16*l - 12. Let x be (78/(-24))/(2/(-8)). What is the remainder when c(x) is divided by u?
13
Let f(o) be the second derivative of o**5/20 - o**4/2 + o**3 + o**2 + 2*o. Let t be -1*(0 + -1) - -4. Calculate the remainder when 19 is divided by f(t).
5
Suppose 0*w + 5 = -w, 2*g = 3*w + 121. Let b(q) = 6*q - 4. What is the remainder when g is divided by b(3)?
11
Let r(k) = 2*k + 1. Suppose 0 = -2*v + 4*v. Suppose -3*o + 2*y = -v*o - 8, 4*o - 26 = -5*y. What is the remainder when o is divided by r(1)?
1
Suppose 57 = h - v - 3, -v + 306 = 5*h. What is the remainder when h is divided by 32?
29
Let g be 22/4*6 - 1. Let f = 4 - 10. Let y = g + f. What is the remainder when y is divided by 14?
12
What is the remainder when 34 - 2 - (-3 - -7) is divided by 15?
13
Calculate the remainder when 1544/10 - 4/(20/(-3)) is divided by 52.
51
Suppose 0 = -4*c + 16 + 56. Let s = c + -9. Calculate the remainder when 25 is divided by s.
7
Suppose 0 = x - 3*x + 3*k + 35, 2*x = 5*k + 41. Calculate the remainder when 23 is divided by x.
10
Let i = 2 - -6. Calculate the remainder when 21 is divided by i.
5
Let y(q) = q**3 - 2*q**2 - 7*q + 10. Calculate the remainder when 15 is divided by y(4).
1
Calculate the remainder when 57 is divided by (-4)/(-18) - 2/9*-134.
27
Let x(z) = 4 + 2 - z**2 + 7. Calculate the remainder when 24 is divided by x(0).
11
Suppose -2 = 5*u + 28. Let j(k) = 133*k - 1. Let o be j(-1). What is the remainder when o/u + 1/(-3) is divided by 8?
6
Let y = 16 + 30. Let r(m) = m + 12. Calculate the remainder when y is divided by r(0).
10
Suppose -f + m + 12 + 74 = 0, 3*f = -2*m + 268. Suppose -2*d = -0*d + f. Calculate the remainder when 1 - (-1)/(-1) - d is divided by 15.
14
Let n = 61 + -34. What is the remainder when 51 is divided by n?
24
Suppose 0 = -2*j - 0*j + 16. Let k = -6 + j. Calculate the remainder when 2 is divided by k.
0
Suppose 5*v - 185 - 280 = 0. What is the remainder when v is divided by 27?
12
Suppose -5*j - d = -10*j + 283, 0 = -2*d + 4. Let c = -50 + 70. Calculate the remainder when j is divided by c.
17
What is the remainder when -4 - (-39 - (-2 + 0)) is divided by 17?
16
Let y(x) = -x**3 - 7*x**2 - 2. Let u be y(-7). Let d = u - -7. Suppose s = -5*n + 10, -s - 2*s = 0. What is the remainder when d is divided by n?
1
Let l = 78 - 46. What is the remainder when l is divided by 9?
5
Let z(h) = -h**3 + 15*h**2 + 2*h - 15. Calculate the remainder when (-118)/(-4) + 2/(-4) is divided by z(15).
14
Let m(t) = 4*t - 11. Let k(b) = 2*b**2 + 5*b. Calculate the remainder when k(-4) is divided by m(4).
2
Let h(j) be the second derivative of j**3/6 + j**2/2 + 8*j. What is the remainder when 14 is divided by h(7)?
6
Suppose -139 + 31 = -2*p. Suppose -2*x + 2*t = -7*x + 97, -p = -3*x + 3*t. Suppose 4*z - 29 = -9. What is the remainder when x is divided by z?
4
Suppose 0 = 2*n - 20 - 28. Suppose 2*s + 2*s - n = 0. What is the remainder when -2*(11/2)/(-1) is divided by s?
5
Let t(g) = g + 7. What is the remainder when 37 is divided by t(3)?
7
Suppose -2*n = 0, -16 = 4*j - 2*n - 156. Let q = 5 + -7. Let o = q + 14. Calculate the remainder when j is divided by o.
11
Suppose x = -8 - 7. Calculate the remainder when 6/x - 17/(-5) is divided by 2.
1
Suppose 15 = 8*k - 5*k. Calculate the remainder when k is divided by 1.
0
Let b = -85 + 96. Calculate the remainder when 29 is divided by b.
7
Suppose -7*j - 143 = -4*a - 2*j, -4*j = 2*a - 78. What is the remainder when a is divided by 19?
18
Let k = 75 + 104. Calculate the remainder when k is divided by 46.
41
Let t be ((-24)/18)/(4/(-6)). Suppose x + t*p = -7 - 4, -x - 6 = p. Calculate the remainder when x*(-27 + -3 + 2) is divided by 10.
8
Let h = -6 + 9. Let w = 11 + h. Let r = 8 - 0. What is the remainder when w is divided by r?
6
Suppose 18 = 5*m - 12. Suppose 53 = 3*o + m*k - 4*k, 5*o + k = 93. What is the remainder when 42/3*(-5)/(-2) is divided by o?
16
Let b = 49 + 4. Let z = 41 - 23. Calculate the remainder when b is divided by z.
17
Suppose 3*c = 86 + 118. Suppose 0 = l - 5*l + c. Calculate the remainder when 67 is divided by l.
16
Suppose -2*p + o + 65 = 0, 4*o = p - o - 46. Let m(n) = 4*n**2 + 2*n - 1. Calculate the remainder when p is divided by m(-2).
9
Let m = -13 - -28. What is the remainder when (-2)/(-1*2/29) is divided by m?
14
Let v(t) = -t**3 - 3*t**2 - 7*t - 20. Suppose 0 = 2*b, -4 = -5*h - 2*b + 1. What is the remainder when v(-3) is divided by h?
0
Let y(d) = 48*d - 2. Calculate the remainder when y(1) is divided by 12.
10
Let k(x) = x**2 - 2*x - 6. What is the remainder when 52 is divided by k(-4)?
16
Suppose -5*c + 2*n + 5 = n, -4*n = -5*c + 5. What is the remainder when 57 is divided by 19 + (c - 9) + 4?
12
Suppose 2*v - 21 = -v. Let p(c) = 12 + 0 + c**2 - 14*c + 0*c**2. What is the remainder when p(14) is divided by v?
5
Let d = 2 - 2. Suppose d = -t + 1 + 7. Let h = t - 3. Calculate the remainder when 9 is divided by h.
4
Let v = -20 - -44. Let m = 3 + 6. What is the remainder when v is divided by m?
6
Suppose -3*u + 0*u = -d + 13, -3*d - 5*u - 3 = 0. Suppose d*l - 3 = 3*v + 7, -l = -2*v. Let a = 1 - -1. What is the remainder when a is divided by v?
0
Suppose -4*u - 5*j + 393 = 0, 5*u - 3*j = 165 + 354. What is the remainder when u is divided by 26?
24
Let x = 71 - 29. Calculate the remainder when x is divided by 11.
9
Let q(c) = 2*c**2 + 10*c + 7. Calculate the remainder when 55 is divided by q(-6).
17
Suppose 5*p - 112 = 83. Suppose -o + 30 = 2*o. Calculate the remainder when p is divided by o.
9
Calculate the remainder when 122 is divided by -5 - 33/(-1) - (0 - 4).
26
Let j = -10 - -24. Suppose 14 = 4*m - 2*t, -2*m + 17 = 2*t - 5. Calculate the remainder when j is divided by m.
2
Let y = -9 - -15. Let m(c) = 12*c - 15. Calculate the remainder when m(y) is divided by 20.
17
Let g = -26 - -47. Let q = g + -15. Suppose -3*x = r - 28, 2*r + 2*r = x - 5. What is the remainder when x is divided by q?
3
Suppose 4*p - l - 2*l = 19, 4*l = p - 8. Suppose 5*c = -3*v + c + 85, 115 = p*v + 5*c. What is the remainder when v is divided by 18?
17
Suppose -4 = -2*u + 34. Calculate the remainder when 564/16 - 2/8 is divided by u.
16
Let o(k) = -k - 8. Let s be o(-5). Let d = s - -17. Calculate the remainder when d is divided by (-6)/(10/8 + -2).
6
Let z = -11 + 20. Calculate the remainder when 23 is divided by z.
5
Let b(k) = -48*k - 8. Let n be b(8). Let t be 10/45 + n/(-18). Suppose t + 15 = h. Calculate the remainder when h is divided by 13.
11
Let j be (11 - 3)*2/4. Suppose 9*f - 20 = j*f. Suppose -33 = -4*w - 5*a